{"id":1253,"date":"2021-09-09T09:44:03","date_gmt":"2021-09-09T13:44:03","guid":{"rendered":"http:\/\/vitreriedelavallee.com\/about-us\/implication-sociale\/"},"modified":"2025-05-20T10:07:22","modified_gmt":"2025-05-20T14:07:22","slug":"social-commitment","status":"publish","type":"page","link":"https:\/\/vitreriedelavallee.com\/en\/about-us\/social-commitment\/","title":{"rendered":"Social Commitment"},"content":{"rendered":"","protected":false},"excerpt":{"rendered":"","protected":false},"author":1,"featured_media":0,"parent":1249,"menu_order":15,"comment_status":"closed","ping_status":"closed","template":"","meta":{"_acf_changed":false,"footnotes":""},"class_list":["post-1253","page","type-page","status-publish","hentry","entry"],"acf":[],"yoast_head":"<!-- This site is optimized with the Yoast SEO plugin v26.8 - https:\/\/yoast.com\/product\/yoast-seo-wordpress\/ -->\n<title>Social Commitment &#8212; Vitrerie de la Vall\u00e9e<\/title>\n<meta name=\"robots\" content=\"index, follow, max-snippet:-1, max-image-preview:large, max-video-preview:-1\" \/>\n<link rel=\"canonical\" href=\"https:\/\/vitreriedelavallee.com\/en\/about-us\/social-commitment\/\" \/>\n<meta property=\"og:locale\" content=\"en_US\" \/>\n<meta property=\"og:type\" content=\"article\" \/>\n<meta property=\"og:title\" content=\"Social Commitment &#8212; Vitrerie de la Vall\u00e9e\" \/>\n<meta property=\"og:url\" content=\"https:\/\/vitreriedelavallee.com\/en\/about-us\/social-commitment\/\" \/>\n<meta property=\"og:site_name\" content=\"Vitrerie de la Vall\u00e9e\" \/>\n<meta property=\"article:modified_time\" content=\"2025-05-20T14:07:22+00:00\" \/>\n<meta name=\"twitter:card\" content=\"summary_large_image\" \/>\n<script type=\"application\/ld+json\" class=\"yoast-schema-graph\">{\"@context\":\"https:\/\/schema.org\",\"@graph\":[{\"@type\":\"WebPage\",\"@id\":\"https:\/\/vitreriedelavallee.com\/en\/about-us\/social-commitment\/\",\"url\":\"https:\/\/vitreriedelavallee.com\/en\/about-us\/social-commitment\/\",\"name\":\"Social Commitment &#8212; Vitrerie de la Vall\u00e9e\",\"isPartOf\":{\"@id\":\"https:\/\/vitreriedelavallee.com\/#website\"},\"datePublished\":\"2021-09-09T13:44:03+00:00\",\"dateModified\":\"2025-05-20T14:07:22+00:00\",\"breadcrumb\":{\"@id\":\"https:\/\/vitreriedelavallee.com\/en\/about-us\/social-commitment\/#breadcrumb\"},\"inLanguage\":\"en-US\",\"potentialAction\":[{\"@type\":\"ReadAction\",\"target\":[\"https:\/\/vitreriedelavallee.com\/en\/about-us\/social-commitment\/\"]}]},{\"@type\":\"BreadcrumbList\",\"@id\":\"https:\/\/vitreriedelavallee.com\/en\/about-us\/social-commitment\/#breadcrumb\",\"itemListElement\":[{\"@type\":\"ListItem\",\"position\":1,\"name\":\"Accueil\",\"item\":\"https:\/\/vitreriedelavallee.com\/en\/\"},{\"@type\":\"ListItem\",\"position\":2,\"name\":\"About Us\",\"item\":\"https:\/\/vitreriedelavallee.com\/en\/about-us\/\"},{\"@type\":\"ListItem\",\"position\":3,\"name\":\"Social Commitment\"}]},{\"@type\":\"WebSite\",\"@id\":\"https:\/\/vitreriedelavallee.com\/#website\",\"url\":\"https:\/\/vitreriedelavallee.com\/\",\"name\":\"Vitrerie de la Vall\u00e9e\",\"description\":\"Nous sommes sp\u00e9cialis\u00e9s dans le verre, les portes, les fen\u00eatres, les miroirs et les douches sur mesure\u2009!\",\"potentialAction\":[{\"@type\":\"SearchAction\",\"target\":{\"@type\":\"EntryPoint\",\"urlTemplate\":\"https:\/\/vitreriedelavallee.com\/?s={search_term_string}\"},\"query-input\":{\"@type\":\"PropertyValueSpecification\",\"valueRequired\":true,\"valueName\":\"search_term_string\"}}],\"inLanguage\":\"en-US\"}]}<\/script>\n<!-- \/ Yoast SEO plugin. -->","yoast_head_json":{"title":"Social Commitment &#8212; Vitrerie de la Vall\u00e9e","robots":{"index":"index","follow":"follow","max-snippet":"max-snippet:-1","max-image-preview":"max-image-preview:large","max-video-preview":"max-video-preview:-1"},"canonical":"https:\/\/vitreriedelavallee.com\/en\/about-us\/social-commitment\/","og_locale":"en_US","og_type":"article","og_title":"Social Commitment &#8212; Vitrerie de la Vall\u00e9e","og_url":"https:\/\/vitreriedelavallee.com\/en\/about-us\/social-commitment\/","og_site_name":"Vitrerie de la Vall\u00e9e","article_modified_time":"2025-05-20T14:07:22+00:00","twitter_card":"summary_large_image","schema":{"@context":"https:\/\/schema.org","@graph":[{"@type":"WebPage","@id":"https:\/\/vitreriedelavallee.com\/en\/about-us\/social-commitment\/","url":"https:\/\/vitreriedelavallee.com\/en\/about-us\/social-commitment\/","name":"Social Commitment &#8212; Vitrerie de la Vall\u00e9e","isPartOf":{"@id":"https:\/\/vitreriedelavallee.com\/#website"},"datePublished":"2021-09-09T13:44:03+00:00","dateModified":"2025-05-20T14:07:22+00:00","breadcrumb":{"@id":"https:\/\/vitreriedelavallee.com\/en\/about-us\/social-commitment\/#breadcrumb"},"inLanguage":"en-US","potentialAction":[{"@type":"ReadAction","target":["https:\/\/vitreriedelavallee.com\/en\/about-us\/social-commitment\/"]}]},{"@type":"BreadcrumbList","@id":"https:\/\/vitreriedelavallee.com\/en\/about-us\/social-commitment\/#breadcrumb","itemListElement":[{"@type":"ListItem","position":1,"name":"Accueil","item":"https:\/\/vitreriedelavallee.com\/en\/"},{"@type":"ListItem","position":2,"name":"About Us","item":"https:\/\/vitreriedelavallee.com\/en\/about-us\/"},{"@type":"ListItem","position":3,"name":"Social Commitment"}]},{"@type":"WebSite","@id":"https:\/\/vitreriedelavallee.com\/#website","url":"https:\/\/vitreriedelavallee.com\/","name":"Vitrerie de la Vall\u00e9e","description":"Nous sommes sp\u00e9cialis\u00e9s dans le verre, les portes, les fen\u00eatres, les miroirs et les douches sur mesure\u2009!","potentialAction":[{"@type":"SearchAction","target":{"@type":"EntryPoint","urlTemplate":"https:\/\/vitreriedelavallee.com\/?s={search_term_string}"},"query-input":{"@type":"PropertyValueSpecification","valueRequired":true,"valueName":"search_term_string"}}],"inLanguage":"en-US"}]}},"_links":{"self":[{"href":"https:\/\/vitreriedelavallee.com\/en\/wp-json\/wp\/v2\/pages\/1253","targetHints":{"allow":["GET"]}}],"collection":[{"href":"https:\/\/vitreriedelavallee.com\/en\/wp-json\/wp\/v2\/pages"}],"about":[{"href":"https:\/\/vitreriedelavallee.com\/en\/wp-json\/wp\/v2\/types\/page"}],"author":[{"embeddable":true,"href":"https:\/\/vitreriedelavallee.com\/en\/wp-json\/wp\/v2\/users\/1"}],"replies":[{"embeddable":true,"href":"https:\/\/vitreriedelavallee.com\/en\/wp-json\/wp\/v2\/comments?post=1253"}],"version-history":[{"count":3,"href":"https:\/\/vitreriedelavallee.com\/en\/wp-json\/wp\/v2\/pages\/1253\/revisions"}],"predecessor-version":[{"id":1629,"href":"https:\/\/vitreriedelavallee.com\/en\/wp-json\/wp\/v2\/pages\/1253\/revisions\/1629"}],"up":[{"embeddable":true,"href":"https:\/\/vitreriedelavallee.com\/en\/wp-json\/wp\/v2\/pages\/1249"}],"wp:attachment":[{"href":"https:\/\/vitreriedelavallee.com\/en\/wp-json\/wp\/v2\/media?parent=1253"}],"curies":[{"name":"wp","href":"https:\/\/api.w.org\/{rel}","templated":true}]}}

<!-- This site is optimized with the Yoast SEO plugin v26.8 - https://yoast.com/product/yoast-seo-wordpress/ -->
<title>Social Commitment &#8212; Vitrerie de la Vallée</title>
<meta name="robots" content="index, follow, max-snippet:-1, max-image-preview:large, max-video-preview:-1" />
<link rel="canonical" href="https://vitreriedelavallee.com/en/about-us/social-commitment/" />
<meta property="og:locale" content="en_US" />
<meta property="og:type" content="article" />
<meta property="og:title" content="Social Commitment &#8212; Vitrerie de la Vallée" />
<meta property="og:url" content="https://vitreriedelavallee.com/en/about-us/social-commitment/" />
<meta property="og:site_name" content="Vitrerie de la Vallée" />
<meta property="article:modified_time" content="2025-05-20T14:07:22+00:00" />
<meta name="twitter:card" content="summary_large_image" />
<script type="application/ld+json" class="yoast-schema-graph">{"@context":"https://schema.org","@graph":[{"@type":"WebPage","@id":"https://vitreriedelavallee.com/en/about-us/social-commitment/","url":"https://vitreriedelavallee.com/en/about-us/social-commitment/","name":"Social Commitment &#8212; Vitrerie de la Vallée","isPartOf":{"@id":"https://vitreriedelavallee.com/#website"},"datePublished":"2021-09-09T13:44:03+00:00","dateModified":"2025-05-20T14:07:22+00:00","breadcrumb":{"@id":"https://vitreriedelavallee.com/en/about-us/social-commitment/#breadcrumb"},"inLanguage":"en-US","potentialAction":[{"@type":"ReadAction","target":["https://vitreriedelavallee.com/en/about-us/social-commitment/"]}]},{"@type":"BreadcrumbList","@id":"https://vitreriedelavallee.com/en/about-us/social-commitment/#breadcrumb","itemListElement":[{"@type":"ListItem","position":1,"name":"Accueil","item":"https://vitreriedelavallee.com/en/"},{"@type":"ListItem","position":2,"name":"About Us","item":"https://vitreriedelavallee.com/en/about-us/"},{"@type":"ListItem","position":3,"name":"Social Commitment"}]},{"@type":"WebSite","@id":"https://vitreriedelavallee.com/#website","url":"https://vitreriedelavallee.com/","name":"Vitrerie de la Vallée","description":"Nous sommes spécialisés dans le verre, les portes, les fenêtres, les miroirs et les douches sur mesure !","potentialAction":[{"@type":"SearchAction","target":{"@type":"EntryPoint","urlTemplate":"https://vitreriedelavallee.com/?s={search_term_string}"},"query-input":{"@type":"PropertyValueSpecification","valueRequired":true,"valueName":"search_term_string"}}],"inLanguage":"en-US"}]}</script>
<!-- / Yoast SEO plugin. -->

Social Commitment &#8212; Vitrerie de la Vallée

Vitrerie de la Vallée

Nous sommes spécialisés dans le verre, les portes, les fenêtres, les miroirs et les douches sur mesure !
